{"id":500,"date":"2026-02-16T13:49:55","date_gmt":"2026-02-16T12:49:55","guid":{"rendered":"https:\/\/jokerk9.com\/?page_id=500"},"modified":"2026-02-18T09:29:35","modified_gmt":"2026-02-18T08:29:35","slug":"datenschutzerklarung","status":"publish","type":"page","link":"https:\/\/jokerk9.com\/?page_id=500","title":{"rendered":"Impressum"},"content":{"rendered":"\t\t<div data-elementor-type=\"wp-page\" data-elementor-id=\"500\" class=\"elementor elementor-500\">\n\t\t\t\t<div class=\"elementor-element elementor-element-f0885a6 e-flex e-con-boxed wpr-particle-no wpr-jarallax-no wpr-parallax-no wpr-sticky-section-no e-con e-parent\" data-id=\"f0885a6\" data-element_type=\"container\" data-e-type=\"container\">\n\t\t\t\t\t<div class=\"e-con-inner\">\n\t\t<div class=\"elementor-element elementor-element-e77ca9e e-con-full e-flex wpr-particle-no wpr-jarallax-no wpr-parallax-no wpr-sticky-section-no e-con e-child\" data-id=\"e77ca9e\" data-element_type=\"container\" data-e-type=\"container\">\n\t\t\t\t<div class=\"elementor-element elementor-element-b5e84d8 elementor-widget elementor-widget-heading\" data-id=\"b5e84d8\" data-element_type=\"widget\" data-e-type=\"widget\" data-widget_type=\"heading.default\">\n\t\t\t\t<div class=\"elementor-widget-container\">\n\t\t\t\t\t<h1 class=\"elementor-heading-title elementor-size-default\">Impressum<\/h1>\t\t\t\t<\/div>\n\t\t\t\t<\/div>\n\t\t\t\t<div class=\"elementor-element elementor-element-6293c2b elementor-widget elementor-widget-text-editor\" data-id=\"6293c2b\" data-element_type=\"widget\" data-e-type=\"widget\" data-widget_type=\"text-editor.default\">\n\t\t\t\t<div class=\"elementor-widget-container\">\n\t\t\t\t\t\t\t\t\t<p data-start=\"124\" data-end=\"148\"><strong data-start=\"124\" data-end=\"148\">Angaben nach \u00a7 5 TMG<\/strong><\/p><p data-start=\"150\" data-end=\"245\"><strong data-start=\"150\" data-end=\"174\">Kis Dienstleistungen<\/strong><br data-start=\"174\" data-end=\"177\" \/>An der Steig 2, 78586 Deilingen<br data-start=\"208\" data-end=\"211\" \/>Vertreten durch Herrn Zolt\u00e1n Kis<\/p><h3 data-start=\"247\" data-end=\"260\">Kontakt<\/h3><p data-start=\"261\" data-end=\"315\">E-Mail: <a class=\"decorated-link cursor-pointer\" rel=\"noopener\" data-start=\"269\" data-end=\"289\">z.kis@joker-media.de<\/a><br data-start=\"289\" data-end=\"292\" \/>Telefon: 015227877574<\/p><h3 data-start=\"317\" data-end=\"352\">Berufshaftpflichtversicherung<\/h3><p data-start=\"353\" data-end=\"426\">Anbieter: VHV Versicherungen<br data-start=\"381\" data-end=\"384\" \/>Sitz: Hannover<br data-start=\"398\" data-end=\"401\" \/>Geltungsbereich: Europa<\/p>\t\t\t\t\t\t\t\t<\/div>\n\t\t\t\t<\/div>\n\t\t\t\t<\/div>\n\t\t<div class=\"elementor-element elementor-element-8341003 e-con-full e-flex wpr-particle-no wpr-jarallax-no wpr-parallax-no wpr-sticky-section-no e-con e-child\" data-id=\"8341003\" data-element_type=\"container\" data-e-type=\"container\">\n\t\t\t\t<div class=\"elementor-element elementor-element-1547bde elementor-widget elementor-widget-text-editor\" data-id=\"1547bde\" data-element_type=\"widget\" data-e-type=\"widget\" data-widget_type=\"text-editor.default\">\n\t\t\t\t<div class=\"elementor-widget-container\">\n\t\t\t\t\t\t\t\t\t<p class=\"western\" lang=\"de-DE\"><b>Gewerbeangaben<\/b><\/p><p class=\"western\" lang=\"de-DE\">Einzelunternehmen<br \/>Gewerbeanmeldung vom 06.05.2025<br \/>T\u00e4tigkeit: Mobile Hundeschule und Verhaltenstherapie<\/p><p class=\"western\" lang=\"de-DE\">\u00a0<\/p><p class=\"western\" lang=\"de-DE\"><b>Erlaubnis nach \u00a7 11 TierSchG<\/b><\/p><p class=\"western\" lang=\"de-DE\">Erlaubnis gem\u00e4\u00df \u00a7 11 Abs. 1 Satz 1 Nr. 8f Tierschutzgesetz (TierSchG)<br \/>Erteilt durch:<br \/><b>Landratsamt Tuttlingen \u2013 Veterin\u00e4ramt<\/b><br \/>Datum der Erteilung: 16.01.2025<br \/>Aktenzeichen: 54-9185.46\/010<\/p><p class=\"western\" lang=\"de-DE\">Erlaubnis f\u00fcr das gewerbsm\u00e4\u00dfige Betreiben einer mobilen Hundeschule (Hundetrainer) inklusive Hundeverhaltenstherapie.<\/p><p class=\"western\" lang=\"de-DE\">Die Erlaubnis umfasst nicht die Ausbildung von Hunden zu Schutzzwecken (Schutzhundausbildung).<\/p><p class=\"western\" lang=\"de-DE\">\u00a0<\/p><p class=\"western\" lang=\"de-DE\"><b>Berufshaftpflichtversicherung<\/b><\/p><p class=\"western\" lang=\"de-DE\">VHV Versicherungen<br \/>Sitz: Hannover, Deutschland<br \/>Geltungsbereich: Europa<\/p><p class=\"western\" lang=\"de-DE\">\u00a0<\/p><p class=\"western\" lang=\"de-DE\"><b>Verantwortlich f\u00fcr den Inhalt nach \u00a7 18 Abs. 2 MStV<\/b><\/p><p class=\"western\" lang=\"de-DE\">Zoltan Kis<br \/>An der Steig 2<br \/>78586 Deilingen<\/p><p class=\"western\" lang=\"de-DE\">\u00a0<\/p><p class=\"western\" lang=\"de-DE\"><b>Haftung f\u00fcr Inhalte<\/b><\/p><p class=\"western\" lang=\"de-DE\">Die Inhalte dieser Website wurden mit gr\u00f6\u00dfter Sorgfalt erstellt. F\u00fcr die Richtigkeit, Vollst\u00e4ndigkeit und Aktualit\u00e4t \u00fcbernehmen wir jedoch keine Gew\u00e4hr.<\/p><p class=\"western\" lang=\"de-DE\">\u00a0<\/p><p class=\"western\" lang=\"de-DE\"><b>Haftung f\u00fcr Links<\/b><\/p><p class=\"western\" lang=\"de-DE\">Diese Website enth\u00e4lt Links zu externen Websites Dritter. F\u00fcr deren Inhalte \u00fcbernehmen wir keine Haftung.<\/p><p class=\"western\" lang=\"de-DE\">\u00a0<\/p><p class=\"western\" lang=\"de-DE\"><b>Urheberrecht<\/b><\/p><p class=\"western\" lang=\"de-DE\">Die durch den Seitenbetreiber erstellten Inhalte und Werke auf diesen Seiten unterliegen dem deutschen Urheberrecht.<\/p><p class=\"western\" lang=\"de-DE\">\u00a0<\/p><p class=\"western\" lang=\"de-DE\"><b>Hinweis zur Hundeausbildung und Verhaltenstherapie<\/b><\/p><p class=\"western\" lang=\"de-DE\">Hundetraining und Verhaltenstherapie sind individuelle Lernprozesse. Ein bestimmter Trainingserfolg kann nicht garantiert werden.<\/p><p class=\"western\" lang=\"de-DE\">Die Verantwortung f\u00fcr den Hund verbleibt jederzeit beim Hundehalter.<\/p><p class=\"western\" lang=\"de-DE\">Die Teilnahme an Trainingsangeboten erfolgt auf eigene Verantwortung.<\/p><p class=\"western\" lang=\"de-DE\">\u00a0<\/p><p class=\"western\" lang=\"en-GB\"><b>Social Media Profile<\/b><\/p><p class=\"western\" lang=\"de-DE\"><span lang=\"en-GB\">Facebook:<br \/><\/span><span style=\"color: #467886;\"><u><a href=\"https:\/\/www.facebook.com\/profile.php?id=61569961018644\" target=\"_new\"><span lang=\"en-GB\">https:\/\/www.facebook.com\/profile.php?id=61569961018644<\/span><\/a><\/u><\/span><\/p><p class=\"western\" lang=\"de-DE\"><span lang=\"en-GB\">Instagram:<br \/><\/span><span style=\"color: #467886;\"><u><a href=\"https:\/\/www.instagram.com\/jokerk9hunde\/\" target=\"_new\"><span lang=\"en-GB\">https:\/\/www.instagram.com\/jokerk9hunde\/<\/span><\/a><\/u><\/span><\/p><p class=\"western\" lang=\"de-DE\"><span lang=\"en-GB\">TikTok:<br \/><\/span><span style=\"color: #467886;\"><u><a href=\"https:\/\/www.tiktok.com\/@jokerk9hundepsychologie\" target=\"_new\"><span lang=\"en-GB\">https:\/\/www.tiktok.com\/@jokerk9hundepsychologie<\/span><\/a><\/u><\/span><\/p><p class=\"western\" lang=\"de-DE\"><span lang=\"en-GB\">YouTube:<br \/><\/span><span style=\"color: #467886;\"><u><a href=\"https:\/\/www.youtube.com\/@JokerK9Hundepsychologie\" target=\"_new\"><span lang=\"en-GB\">https:\/\/www.youtube.com\/@JokerK9Hundepsychologie<\/span><\/a><\/u><\/span><\/p><p class=\"western\" lang=\"en-GB\"><br \/><br \/><\/p>\t\t\t\t\t\t\t\t<\/div>\n\t\t\t\t<\/div>\n\t\t\t\t<\/div>\n\t\t\t\t\t<\/div>\n\t\t\t\t<\/div>\n\t\t\t\t<\/div>\n\t\t","protected":false},"excerpt":{"rendered":"<p>Impressum Angaben nach \u00a7 5 TMG Kis DienstleistungenAn der Steig 2, 78586 DeilingenVertreten durch Herrn Zolt\u00e1n Kis Kontakt E-Mail: z.kis@joker-media.deTelefon: 015227877574 Berufshaftpflichtversicherung Anbieter: VHV VersicherungenSitz: HannoverGeltungsbereich: Europa Gewerbeangaben EinzelunternehmenGewerbeanmeldung vom 06.05.2025T\u00e4tigkeit: Mobile Hundeschule und Verhaltenstherapie \u00a0 Erlaubnis nach \u00a7 11 TierSchG Erlaubnis gem\u00e4\u00df \u00a7 11 Abs. 1 Satz 1 Nr. 8f Tierschutzgesetz (TierSchG)Erteilt durch:Landratsamt Tuttlingen \u2013 Veterin\u00e4ramtDatum der Erteilung: 16.01.2025Aktenzeichen: 54-9185.46\/010 Erlaubnis f\u00fcr das gewerbsm\u00e4\u00dfige Betreiben einer mobilen Hundeschule (Hundetrainer) inklusive Hundeverhaltenstherapie. Die Erlaubnis umfasst nicht die Ausbildung von Hunden zu Schutzzwecken (Schutzhundausbildung). \u00a0 Berufshaftpflichtversicherung VHV VersicherungenSitz: Hannover, DeutschlandGeltungsbereich: Europa \u00a0 Verantwortlich f\u00fcr den Inhalt nach \u00a7 18 Abs. 2 MStV Zoltan KisAn der Steig 278586 Deilingen \u00a0 Haftung f\u00fcr Inhalte Die Inhalte dieser Website wurden mit gr\u00f6\u00dfter Sorgfalt erstellt. F\u00fcr die Richtigkeit, Vollst\u00e4ndigkeit und Aktualit\u00e4t \u00fcbernehmen wir jedoch keine Gew\u00e4hr. \u00a0 Haftung f\u00fcr Links Diese Website enth\u00e4lt Links zu externen Websites Dritter. F\u00fcr deren Inhalte \u00fcbernehmen wir keine Haftung. \u00a0 Urheberrecht Die durch den Seitenbetreiber erstellten Inhalte und Werke auf diesen Seiten unterliegen dem deutschen Urheberrecht. \u00a0 Hinweis zur Hundeausbildung und Verhaltenstherapie Hundetraining und Verhaltenstherapie sind individuelle Lernprozesse. Ein bestimmter Trainingserfolg kann nicht garantiert werden. Die Verantwortung f\u00fcr den Hund verbleibt jederzeit beim Hundehalter. Die Teilnahme an Trainingsangeboten erfolgt auf eigene Verantwortung. \u00a0 Social Media Profile Facebook:https:\/\/www.facebook.com\/profile.php?id=61569961018644 Instagram:https:\/\/www.instagram.com\/jokerk9hunde\/ TikTok:https:\/\/www.tiktok.com\/@jokerk9hundepsychologie YouTube:https:\/\/www.youtube.com\/@JokerK9Hundepsychologie<\/p>\n","protected":false},"author":1,"featured_media":0,"parent":0,"menu_order":0,"comment_status":"closed","ping_status":"closed","template":"elementor_header_footer","meta":{"_monsterinsights_skip_tracking":false,"_monsterinsights_sitenote_active":false,"_monsterinsights_sitenote_note":"","_monsterinsights_sitenote_category":0,"footnotes":""},"class_list":["post-500","page","type-page","status-publish","hentry","entry"],"_links":{"self":[{"href":"https:\/\/jokerk9.com\/index.php?rest_route=\/wp\/v2\/pages\/500","targetHints":{"allow":["GET"]}}],"collection":[{"href":"https:\/\/jokerk9.com\/index.php?rest_route=\/wp\/v2\/pages"}],"about":[{"href":"https:\/\/jokerk9.com\/index.php?rest_route=\/wp\/v2\/types\/page"}],"author":[{"embeddable":true,"href":"https:\/\/jokerk9.com\/index.php?rest_route=\/wp\/v2\/users\/1"}],"replies":[{"embeddable":true,"href":"https:\/\/jokerk9.com\/index.php?rest_route=%2Fwp%2Fv2%2Fcomments&post=500"}],"version-history":[{"count":10,"href":"https:\/\/jokerk9.com\/index.php?rest_route=\/wp\/v2\/pages\/500\/revisions"}],"predecessor-version":[{"id":565,"href":"https:\/\/jokerk9.com\/index.php?rest_route=\/wp\/v2\/pages\/500\/revisions\/565"}],"wp:attachment":[{"href":"https:\/\/jokerk9.com\/index.php?rest_route=%2Fwp%2Fv2%2Fmedia&parent=500"}],"curies":[{"name":"wp","href":"https:\/\/api.w.org\/{rel}","templated":true}]}}